= -21*w**2 + 10*w - 11. Let x(f) = 47*f**2 - 19*f + 21. Let d(l) = -9*n(l) - 4*x(l). Give d(9).
-30
Suppose 0 = -22*q - 5861 + 5641. Let d(w) = w**2 + 11*w + 21. What is d(q)?
11
Let q(j) be the first derivative of -1/3*j**3 - 9/2*j**2 + 28 + 2*j. Calculate q(-9).
2
Suppose 32*k - 37*k + 30 = 0. Let q be (1/(-2))/(k/(-12)). Let l(y) = 37*y**2 - 1. Determine l(q).
36
Let q(l) = -5*l - 21. Suppose 3*y - 5*i - 7 + 42 = 0, -4*i = -5*y - 41. What is q(y)?
4
Let s(z) = 8*z**3 - 75 - 49 - 2*z + 124 + 3*z**3. Give s(2).
84
Let i(g) be the first derivative of -100 - 3/2*g**2 - 1/3*g**3 + 0*g + 1/4*g**4. Let r(m) = 2*m - 1. Let l be r(2). Give i(l).
9
Let o(u) be the second derivative of -10*u**3/3 + 12*u**2 - 1407*u - 1. Calculate o(5).
-76
Suppose -3*t - 2*s = -1352, t + 31 - 470 = -3*s. Let q(n) = -3*n + 455 + 3*n**3 + n - t. Let a = 1 - 0. Give q(a).
2
Suppose 11*z - 6*z - 28 = -4*y, 2*z = y - 20. Let f(n) = 38 + 6*n - y + 2*n**2 - 22. Determine f(-5).
24
Suppose n - 6 = -2*n. Suppose 4*l - 4 = -2*h - 2, 0 = l + n*h + 1. Let z(m) be the second derivative of -7*m**3/6 - m**2/2 - 39*m - 7. Determine z(l).
-8
Suppose -o = 2 - 6. Suppose 0*w + w + 3 = -2*v, o*w + 15 = -5*v. Let j(x) = -18*x + 112. Let u(k) = -6*k + 42. Let r(f) = -3*j(f) + 8*u(f). What is r(v)?
6
Suppose -4*i + 5*o + 1 = -2, -i + 4*o - 2 = 0. Let y(f) be the first derivative of -f**2 - 3/4*f**4 + 2/3*f**3 + 3*f - 5. Determine y(i).
-17
Let g(y) = 37*y - 74. Let q(d) = -105*d + 218. Let a(t) = -8*g(t) - 3*q(t). Give a(3).
-5
Let p(a) be the third derivative of -5*a**4/12 - 29*a**3/3 + 360*a**2 + 3*a + 2. Give p(-7).
12
Suppose 32*p - 48 = 4*z + 30*p, 2*z = 5*p - 32. Let w(h) = h**2 + 11*h - 12. Determine w(z).
-12
Let j(q) = 2*q**2 - 6*q + 1. Suppose -4*m + 12 = 4. Let g be 16 + m/1*-2. Suppose -11*l + 14*l = g. Give j(l).
9
Suppose -3*v - 5*r + 69 = 0, -4*v + 5*r + 40 = 3*r. Let n(k) = -2*k**2 + 22*k + 24. Give n(v).
-28
Let a be (-1 + (-2 - -2))/1. Let q(v) = -v - 227. Let g(f) = -f - 265. Let w(o) = 6*g(o) - 7*q(o). Calculate w(a).
-2
Let g be -1*(4 - (-6 - (6 + -7))). Let p(q) = q**3 + 11*q**2 + 7*q - 8. What is p(g)?
91
Suppose q + 12 = -u - 5, -4*q + 4*u - 44 = 0. Let a(h) = -h**2 - 20*h - 3. Calculate a(q).
81
Let j(t) = -t**2 + 2*t + 4. Let p be (-6 - -734)*(-1)/(-2). Let g = -364 + p. Calculate j(g).
4
Suppose 4*t + n + 10 = 0, 2*n - 19 = -919*t + 924*t. Let w(y) = 2*y**3 + 3*y**2 + 2*y - 3. What is w(t)?
-36
Let t(r) = 3 - 18 + 5 + 11 - 2*r**3 + 8*r**2 + 3*r**3 + 3*r. Calculate t(-7).
29
Let w(o) = -o**3 - 12*o**2 - 37*o - 2. Let z be w(-5). Let g(x) = -x**3 + 6*x**2 + 13*x + 14. Let m be g(z). Let f(j) = -j**2 - 9*j + 13. Determine f(m).
3
Let j(d) = d**2 - 10*d + 11. Let l(u) = 22*u - 17*u - u**3 - 13*u + 22 + 6*u**2. Let i be l(5). Calculate j(i).
-10
Let m(j) = -2*j - 6. Let u = -19 + 13. Let k be m(u). Let g(s) = -90 + 184 - 95 + 7*s - s**2. What is g(k)?
5
Let i(c) = -4*c - 1. Let z = 3121 + -3122. What is i(z)?
3
Let u(h) = 2*h + 3*h - h**2 - 3 - 2 + 0*h. Suppose i + 3*i + 3*v = 600, -2*v + 743 = 5*i. Let b = i + -142. Give u(b).
-5
Let g(i) = 35*i + 7. Let w(h) = -18*h - 4. Let k(b) = 4*g(b) + 7*w(b). Let m = -97 - -76. Let u = m - -22. Determine k(u).
14
Let t(w) = -10*w**2 - 7*w. Let q(m) = 22*m**2 + 17*m - 1. Let v(n) = -4*q(n) - 9*t(n). Let a be (-2)/6 + 52/12. Calculate v(a).
16
Let c(b) = -4*b + 16 - 13 + 0. Determine c(-7).
31
Let d = -153 - -157. Let y(l) = 5*l**3 - 4*l**3 - 5 + l - 2*l**2 + 0. Determine y(d).
31
Let d(l) = -5*l**2 - 7*l**2 + l**3 - 6 - l + 13*l**2 - 2*l**3. Suppose -39 = 5*z - 44. Let a be 3 + (-11 - -12) + z*-4. What is d(a)?
-6
Let g(y) = -2*y + 25. Let j = -2441 + 2435. Calculate g(j).
37
Let n = -3918 + 3898. Let q(v) = -8*v + 16. Calculate q(n).
176
Let r = -71 + 103. Suppose 36*t = r*t + 8. Let p(k) = k**3 + k - 2 - 9*k**2 + 18*k**2 - 9*k**t. Calculate p(2).
8
Suppose 2480 = 2*l + 3*c + 2595, 5*c - 106 = 3*l. Let v(u) = 3*u**2 + 141*u + 6. Give v(l).
6
Let r = -107106 + 107117. Let u(g) = -6 - g - 2*g + 4*g. What is u(r)?
5
Let m(n) = 2*n - 4. Let c be 7 - (-10)/(-6 + 4). Let v be m(c). Let u(z) = -z**2 + 2. Determine u(v).
2
Let a(q) be the second derivative of -52*q - 1/2*q**3 + 7/2*q**2 - 1. Give a(4).
-5
Let j(t) = -t**2 - 58*t - 450. Let m be j(-49). Let q(z) = 2*z**2 + 19*z + 17. What is q(m)?
8
Let m(l) = -16*l - 80*l - 2 + 6*l + 2*l**3 - 3 + 33*l**2 - 3*l**3. Calculate m(30).
-5
Suppose -5*j + 37 = 3*p, 3*j - 32 = -4*p - 23. Let k(x) = -2*x**3 + 21*x**2 + 9*x + 31. What is k(j)?
9
Let g(s) = -2*s**3 + 2*s**2 + 8*s - 2. Let d = -574 - -577. What is g(d)?
-14
Let c(a) be the third derivative of -25*a - 7/6*a**3 + 0 + 1/24*a**4 + a**2. Determine c(5).
-2
Let q(z) = 5*z**3 + 17*z**2 - 20*z + 5. Let t(p) = -11*p**3 - 38*p**2 + 42*p - 10. Let v(x) = 9*q(x) + 4*t(x). Determine v(3).
5
Let z(c) be the second derivative of c**4/12 + 4*c**3/3 + c**2 - 524*c. Determine z(-6).
-10
Let p(n) = 5*n - 4. Suppose 4*v - 5*s = 56, 26 = 4*v - 3*s - 22. Let g = v - 6. Give p(g).
11
Let q(k) = 150*k + 151*k - 345 + 148*k + 142 - 464*k. Give q(-14).
7
Suppose t = 5*n - 7, 2*t - 5*n + 1 = -3. Let v(o) = 3*o + 99. Let z be v(-29). Let y(m) = -8*m**2 - t*m**2 - 5*m + z*m**2 - 3. Give y(3).
-9
Let v(c) be the first derivative of 1/4*c**4 + 13/2*c**2 + 10/3*c**3 - 172 - 2*c. Determine v(-9).
-38
Let x be 2/(-3 - 40/(-15)). Let l(i) be the first derivative of -i**3/2 - 4*i**2 - 41*i + 11. Let t(q) be the first derivative of l(q). Give t(x).
10
Let f(v) = -5*v - 42. Let q = -2302 - -2293. Determine f(q).
3
Let r(g) be the third derivative of g**6/60 + g**5/60 - g**3/6 - 7*g**2 + 384. Suppose -3*i = -2*i - 6. Let j be (4/i)/((-6)/(-9)). What is r(j)?
2
Suppose -2*h + 7*h = 5*n - 50, 4*n = 2*h + 54. Let c(w) = 3*w**2 - 54*w + 40. What is c(n)?
-11
Let n(d) = 4*d - 1. Let k(m) = -12*m + 3. Let r(y) = -2*k(y) - 7*n(y). Let u be 5 + (30/(-12) - (-4)/8). What is r(u)?
-11
Let z(r) = 4 + 3 - 20 + 0 - 2*r. Suppose 56*h - 51*h + 40 = -5*o, h + 38 = -4*o. What is z(o)?
7
Let h(q) = 5*q. Let d be (-136)/(-12)*9/(-6). Let m(x) = -14*x - 1. Let k(b) = d*h(b) - 6*m(b). Suppose -2*v - 5*j + 4 = -7, -v - 4*j = -4. Give k(v).
-2
Let q(x) = x + 2 - 6 - 2*x. Suppose -9*i + 19*i = 300. Suppose -2*r = r + 3*u - i, r = -3*u + 18. What is q(r)?
-10
Let m(u) = u**3 + 2*u**2 + 4*u + 6. Let k be (0 + (-5)/20*1)*0 - 0. Determine m(k).
6
Let q(l) = l**3 - 5. Let r(f) = -f**2 + 23*f - 126. Let y be r(14). What is q(y)?
-5
Let n(f) = -1251 - 1256 + 2*f**2 - 3*f**2 - 1220 - 15*f + 5*f + 3722. Let x be 3*(-3 - 0/2). What is n(x)?
4
Let i(l) = 6*l. Let c be i(1). Suppose 9*v + 2*v - 77 = 0. Let r = c - v. Let d(j) = -9*j**3 - j**2 + 1. Give d(r).
9
Let r(l) = -11*l - 73. Suppose -167 - 209 + 474 = -14*j. Give r(j).
4
Let d(c) = -11*c - 5. Suppose 2 = 20*u - 38. Suppose -14 = -2*f + 6*f + u*k, 0 = 3*f + 4*k + 8. Give d(f).
39
Let h = 5 - -8. Let k(p) = -6*p + 10 - 3 + h*p**3 - 5*p**2 - 12*p**3. What is k(6)?
7
Let g(v) be the second derivative of 45*v + 0 - 1/6*v**3 + v**2 - 1/12*v**4. Give g(0).
2
Let y(z) be the first derivative of -27*z**2/2 - 20*z - 3842. Calculate y(-4).
88
Let u(i) = -i - 1. Let t(a) = -2*a + 23. Let q(v) = t(v) + u(v). What is q(11)?
-11
Let x(f) = f**2 - 8*f + 5. Let j(w) = w**2 - 17*w + 15. Let m be j(12). Let k = 51 + m. What is x(k)?
-7
Suppose 4*c - x = 3*x + 28, -2*c - x - 1 = 0. Let z(h) = -1 + 0 + 2*h + h**c - 10*h - 10. Give z(8).
-11
Suppose l - 86 = -5*f, 0*l = -5*f + 3*l + 122. Let n(v) = -52*v + 982. Calculate n(f).
-6
Let d(j) = -3*j**2 - 7*j + 8. Let z(c) be the third derivative of 7*c**5/30 + 9*c**4/8 - 11*c**3/2 + 26*c**2. Let x(a) = 9*d(a) + 2*z(a). Determine x(8).
-2
Let z(r) = -7*r**3 + 32*r**2 - 7*r + 29. Let y(s) = -9*s**3 + 33*s**2 - 9*s + 30. Let o(j) = 3*y(j) - 4*z(j). Calculate o(29).
3
Suppose -14*t = -10 - 144. Suppose t*p - 1562 = -440. Let c = p - 112. Let u(r) = -r**2 - 11*r - 11. Give u(c).
-1
Let a(b) be the first derivative of -b**5/60 - 5*b**4/24 - b**3 - 121*b**2 + 293. Let z(r) be the second derivative of a(r). What is z(-5)?
-6
Let f(j) = -28*j + 10. Let q(w) = -11*w + 5. Let u(k) = -3*f(k) + 8*q(k). Give u(6).
-14
Let b(g) = 4289352*g + 0 + 0 - 4289335*g. Let r(v) = -4*v**2 - 3*v**3 - 2*v**2 + 2*v**3 + 1. Let n be r(-6). Give 